 c(1). Let f(m) be the first derivative of -m**4/4 - 8*m**3/3 + m**2/2 + 7*m + 17. Calculate f(u).
-1
Let m(i) = -9*i**2 + 15*i + 15. Let l be m(-1). Let z(h) = h**3 + 8*h**2 - 7*h + 4. Calculate z(l).
-14
Let s be -4 + (-4 - (1 - -1)). Let t = s + 9. Let f(o) be the first derivative of -2*o**3 + o + 2. What is f(t)?
-5
Let s(o) = 21*o + 230 - 250 - 24*o. Give s(-4).
-8
Let v(o) = 4*o - 24. Let k be v(13). Let y = 32 - k. Let d(q) = 8 + q - 3 - q**2 - 2. Give d(y).
-9
Let z(i) = i**3 + 7*i**2 + 7*i + 4. Let h = 674 - 680. Calculate z(h).
-2
Let t(u) = 2*u + 6. Let w be 27/(-9)*1 - 7. Give t(w).
-14
Let l be 315/42*26/(-39). Let r(v) = -6*v**2 - 12*v - 7. Let b(m) = -m**2 - m. Let u(j) = -5*b(j) + r(j). What is u(l)?
3
Let k(s) = -s**2 + 99 + 4*s - 104 + 3*s**2. What is k(-4)?
11
Suppose -2*w = -3*k, 0 = 3*k + 4*w - 3*w. Let r(j) be the second derivative of k - 1/6*j**3 + 2*j + 1/2*j**2. Calculate r(0).
1
Let n(a) = -9*a - 1. Suppose 5*d + 0*d + l + 1 = 0, 3 = 5*d + 2*l. Give n(d).
8
Let n(k) be the first derivative of k**3/3 - 4*k**2 - 2*k + 175. Give n(8).
-2
Let l(d) = -d**3 - 2*d**2. Let y be (-20 + 24)/((-6)/3). Calculate l(y).
0
Let s(h) = -5*h**2 + 2*h - 17. Let f(k) = -k**2 - k - 1. Let g(q) = 6*f(q) - s(q). What is g(-9)?
2
Let i(g) = -2 - 22*g**2 + 3*g**2 + 0 + 10*g**2 - 2*g + 8*g**2. Calculate i(2).
-10
Suppose 4*b + 34 = -6. Suppose 37 = 5*g + 7. Let w = g + b. Let j(v) = 2*v - 1. Calculate j(w).
-9
Let m(g) = -3*g**3 + 4*g**2 + 6*g + 4. Let b = -151 - -153. Let w(v) = v**3 - v - 1. Let k(q) = b*w(q) + m(q). What is k(5)?
-3
Let n(m) = -4*m**3 + m**2. Let d(s) = -2*s**2 - 89*s - 42. Let x be d(-44). Give n(x).
-28
Let h be 36/(-16)*8/3. Let b(j) be the second derivative of 3/2*j**2 + 0 - 5/12*j**4 - 2*j + 5/6*j**3 - 1/20*j**5. Give b(h).
9
Let r be 176/(-18) - (-8)/(-36). Let o = 15 + r. Let p(m) = 1. Let x(z) = -z - 1. Let f(j) = -3*p(j) - x(j). Determine f(o).
3
Let b(i) = i**2 - 11. Suppose 9*r - 26*r = 1326. Let z be 3 + 222/r + 2/(-13). Calculate b(z).
-11
Let r(v) be the first derivative of -v**2 - v - 10. Let g = 6 - 2. Calculate r(g).
-9
Let s be 0 + 0 + (-6)/(-2). Let p(c) = 15*c - 3. Let n be p(1). Let w(a) = a + 17 - 8 - n. Give w(s).
0
Let q = -4 + 17. Let s(b) be the second derivative of 5*b**3/2 + 35*b**2/2 + 17*b + 1. Let u(c) = 7*c + 17. Let w(n) = q*u(n) - 6*s(n). Calculate w(-5).
6
Suppose 15*v + 87 = -3. Let n(i) = 4*i. What is n(v)?
-24
Let z(k) = 40*k**2 - 3. Let l be z(2). Let m(x) = 2*x - x - 159 + l. Give m(9).
7
Let d(o) = -18*o - 106. Let k be d(-6). Let y(j) = 2 + j**2 + 2*j + 0 - 4. Calculate y(k).
6
Let u(t) be the third derivative of t**4/12 + t**3/3 + t**2. Let g(b) = b - 11. Let k be g(15). Calculate u(k).
10
Let r be 1*(1 - 1)/1. Suppose -6*p + 9 - 3 = r. Let a(l) = -l + 3. Let i(b) = -b + 5. Let o(c) = -8*a(c) + 5*i(c). Give o(p).
4
Let x(f) = -44*f - 37*f - 35*f - 43*f - 1 + 160*f. What is x(2)?
1
Let p = -5 + 15. Suppose -p*d = -5*d - 25. Suppose -2*r - r + 15 = 4*w, d*r = -w + 25. Let t(h) = h**3 + 4. Determine t(w).
4
Let q(z) be the second derivative of 5*z**3/6 - 2*z**2 + 3*z - 26. Determine q(2).
6
Suppose s = 5*b - 1, 2 = -2*b - b - 2*s. Let t(v) = -v + 14. Calculate t(b).
14
Let l be 1 + (-2)/2*(-3 - -6). Let m(s) = -s**2 + 1. Let a(f) = -f**3 + 2*f**2 + 1. Let k(c) = l*m(c) - a(c). Give k(0).
-3
Let v(r) = 8*r**3 - r**2 - 5*r + 5. Let z be v(1). Let b(j) be the second derivative of z*j - 3/2*j**2 + 0 + 1/6*j**3. Calculate b(6).
3
Let n be (1 - -2)/((-6)/4). Let q be (n/6)/(1/(-6)). Suppose 5*d - 4 + 21 = -q*m, 0 = -2*d + m - 14. Let h(i) = i**2 + 5*i - 2. Calculate h(d).
-2
Suppose -4*x - 4*s + 28 = 12, -2*x = -s - 5. Suppose -4*q = x*n + 7 - 3, 4*n = -5*q - 5. Let w(j) = j**2 - j + 22. What is w(n)?
22
Let u(x) = -x**3 - 3*x**2 - x + 4. Let w be u(0). Let g(a) = -3 - a**2 - 9*a + w + 3*a - 2. Give g(-7).
-8
Let j = -619 - -614. Let a(c) = c - 3. Calculate a(j).
-8
Let z be (1 - 12/8)*0. Suppose 0 = -4*m - 3*b - 3, 2*m = 3*b - z*b + 21. Suppose 3*s = -m*p + 21, 0 = -4*s - 3*p + 15 + 11. Let n(t) = -t + 4. Give n(s).
-1
Suppose -55 = k - 6*k. Let n(a) = -16*a**2 + 24*a - 9. Let u(b) = 3*b**2 - 5*b + 2. Let d(p) = k*u(p) + 2*n(p). Give d(4).
-8
Let s = -13 + 21. Let n(f) = -7*f**2 + 11 + 6 - 5633*f + f**3 + 5623*f. Let v be n(s). Let d(a) = -4*a + 1. What is d(v)?
-3
Let t(o) = o**2 + 11*o + 13. Let v be t(-10). Suppose -2*n = -v*n + 2*m + 5, 0 = n + 2*m + 7. Let f(c) = 10*c**2. Give f(n).
10
Let d(q) = 11*q**2 + q + 3. Let x(y) = 12*y**2 + y + 2. Let u(f) = 2*d(f) - 3*x(f). Let j(o) = -5*o - 4. Let s be j(-4). Let l = 15 - s. Give u(l).
-13
Let w(o) = 7*o**2. Let i(k) = k - 5. Let j be i(6). Let f be ((-8)/16)/(j/(-2)). Suppose 0 = t - 2*t - f. Calculate w(t).
7
Let k(v) = v**3 + 2*v**2 - 1. Let a be k(-1). Let l be a + -2 - (0 - (-2 + 3)). Let w(s) = 3*s. Calculate w(l).
-3
Let l(z) = 2400*z**2 + 6*z + 0*z - 6 - 2406*z**2 + z**3. What is l(5)?
-1
Let a(y) = -y**3 - 6*y**2 - 5*y + 9. Let b(h) = 12*h - 89. Let c be b(7). Determine a(c).
9
Let b(w) = -3*w**3 - w**2 + 1. Let k = 0 + 4. Suppose 3*u = k*u + 9. Let a be 1*3/u*-3. Give b(a).
-3
Let q(d) = -1 + 576*d**2 - 286*d**2 + d**3 - 289*d**2. Calculate q(1).
1
Let j(y) = -y**2 - 6*y - 4. Let x(i) = 9*i**2 + 8*i - 3. Let t(a) = 5*a**2 + 4*a - 1. Let l(f) = 7*t(f) - 4*x(f). Let w be l(-7). Let v = w + 10. Give j(v).
-4
Let r(y) = 851*y - 422*y - 431*y. Calculate r(13).
-26
Let x(a) = 49 - 8*a - 148 + 50 + 54. What is x(2)?
-11
Let d(y) = 2*y - 3*y + 12 + y - y. Give d(10).
2
Let v(s) be the third derivative of 31*s**5/60 - s**4/12 - s**3/6 - 125*s**2 - s. Determine v(-1).
32
Let r(l) be the third derivative of l**6/120 - 2*l**5/15 + l**4/3 - 4*l**3/3 - 146*l**2 + 2*l. Give r(7).
-1
Let d(x) = 3*x**2 - x - 1. Let f be (-1)/((3/(-3))/2). Suppose f*l = 2, 3*l - 5 = 2*m - m. Let n(o) = o**3 + 2*o**2 - o. Let k be n(m). Give d(k).
9
Let n(r) = -11*r**3 - r**2 + 5*r + 7. Let q(z) = 5*z**3 - 2*z - 3. Let m(x) = -4*n(x) - 9*q(x). Give m(3).
2
Let r(j) = j - 1. Let k(q) = -q**2 - 7*q + 10. Let v(z) = -k(z) - 3*r(z). What is v(-5)?
-2
Let d(m) = m**3 + 11*m**2 + m - 10. Let n be d(-11). Let p be 8/(-56) - 3/n. Let a(f) be the first derivative of -f**3/3 - f**2/2 - 5*f + 2. Give a(p).
-5
Let b(p) be the second derivative of -p**3/6 - 7*p**2/2 - 2*p - 22. Calculate b(-4).
-3
Let n be 12/1 + 0/8. Let r(k) = n*k**2 - 8*k**2 + 3 - 2*k - 4 - 3*k**2. Determine r(3).
2
Let q(n) be the second derivative of 0*n**2 + 1/20*n**5 - 3*n + 4 + 0*n**3 + 1/12*n**4. Calculate q(-1).
0
Let h(r) = -49*r - 26. Let o(a) = 9*a + 5. Let u(t) = -2*h(t) - 11*o(t). What is u(6)?
-9
Let c = 88 + -59. Let b(u) = -u - u**2 + 32 - u - c. Determine b(2).
-5
Let q = -31 + 33. Suppose 3*v - 12 = -2*y, 2*v = -q*y - 0 + 6. Let t(h) = -h + 3*h - 5 - h. Calculate t(v).
1
Let c be (0 + 0)/(23 + -21). Suppose 2*w = 6, c = 4*z - 5*z - 4*w + 19. Let k(r) = -r**2 + 8*r - 4. Give k(z).
3
Let q(z) be the third derivative of z**4/12 + 13*z**3/6 + 130*z**2. Determine q(-9).
-5
Let b(g) be the third derivative of g**5/15 - g**4/12 + g**3/3 + 20*g**2. Let r(j) = -9*j**2 + 5*j - 4. Let t(h) = -7*b(h) - 3*r(h). Determine t(-3).
-8
Let f = 58 + -53. Suppose 0 = -5*k + 15 + 10. Let b(y) = y - 10. Let j(w) = -w + 11. Let p(c) = k*j(c) + 6*b(c). Determine p(f).
0
Suppose 3*n = -2*t - 16, 0 = 12*n - 10*n - 5*t + 36. Let b(k) = -k**3 - 8*k**2 + 2*k + 12. What is b(n)?
-4
Let y(n) be the first derivative of n**4/4 - 7*n**3/3 - n**2/2 + 5*n + 238. Determine y(7).
-2
Suppose 3*v + 1 = 19. Let t(i) = -2*i**2 + i**3 - 3*i**2 + 0*i + 6 - v*i. Let m be (3/(-2))/((-10)/40). Give t(m).
6
Let c(h) be the third derivative of -h**7/840 - h**6/72 - h**5/120 + h**4/24 - 8*h**3/3 - 3*h**2. Let n(z) be the first derivative of c(z). What is n(-5)?
6
Suppose -2*h - 3*y - 4 = -5*y, -2*y + 8 = 2*h. Let n(k) = -k**2 + 7*k + 11. Let q be n(8). Let x(p) = -5*p**3 + 7*p**3 - p**2 + p**q. Determine x(h).
2
Let a(c) be the second derivative of -1/120*c**5 + 0*c**2 + 2*c**3 + 5*c + 0 + 1/6*c**4. Let h(d) be the second derivative of a(d). Give h(3).
1
Suppose -5*l = 14 + 16. Let w(n) = n + 1. Let k(h) = -7*h - 10. Let v(x) = k(x) + 6*w(x). Calculate v(l).
2
Let d(j) be the first derivative of -j**2 - 3*j + 1. Let o = 335 + -331. Cal